e -2*d + 38115 = 6*d - 949. What are the prime factors of d?
19, 257
Suppose 3*x = -x - 200. Let u = -48 - x. Suppose -9*a + u*a = -546. List the prime factors of a.
2, 3, 13
Let l = -76 - -143. Let y = 1022 + -1064. Let t = y + l. List the prime factors of t.
5
Suppose 0 = 4*q - u - 37, -q = -11*u - 106 + 43. Let h = 34 + -10. List the prime factors of h/q - (-72 + 1).
2, 37
Suppose 3*t - 4*k = 10, -3 = k - 5. What are the prime factors of (-11 - 176445/(-105)) + t/(-14)?
1669
Let p = 3 - -22. Suppose -h + 232 = -5*l, -4*l + 3*h - 53 = 137. Let z = p - l. What are the prime factors of z?
71
Let q(r) = 475*r**2 - 13*r + 20. Let u be q(2). Suppose -u = -11*z + 856. List the prime factors of z.
2, 5
Suppose v = 20*d - 15*d + 1575, -d = 3*v - 4677. What are the prime factors of v?
2, 3, 5, 13
Suppose 5*q - 258670 = -5*n, 47*n + 10 = 49*n. What are the prime factors of q?
3, 43, 401
Let n(m) = -m**2 + 16*m - 25. Let c be n(14). Suppose 3 = 3*f - 3*x, c*x = -f + 2*x + 7. Let s(q) = 4*q**2 + 3*q + 4. What are the prime factors of s(f)?
2, 5
Suppose 6*o = 2*o - 3*o + 60256. List the prime factors of o.
2, 269
Let y(k) = -k**3 - 9*k**2 - 9*k + 6. Let z be y(-8). Let v = 63 - 63. Suppose v = z*x - 11*x - 201. What are the prime factors of x?
67
Let q be -55 + 911 + (4/1 - 2). Let d = q + -346. List the prime factors of d.
2
Suppose 5*h - 4*l = 9778, 20*l - 19*l + 9772 = 5*h. What are the prime factors of h?
2, 977
List the prime factors of (-3699080)/(-4760) + (-4)/34.
3, 7, 37
Let l be 8/(-12 + 4) - (-1 + 9). Let x(y) = 12*y**2 - 25*y - 123. What are the prime factors of x(l)?
2, 3, 179
Let p = 4 + -67. Let c = p + 67. List the prime factors of 50/c*(-40)/(-10).
2, 5
Let m = 4962 + -3372. Let s = -910 + m. What are the prime factors of s?
2, 5, 17
Suppose 0 = 2103*a - 2118*a + 164685. What are the prime factors of a?
10979
Let k be (-44)/(4/(-1)) + -2. Suppose -6*g - 2652 = -k*g. Suppose -10*c + 2354 = g. List the prime factors of c.
3, 7
What are the prime factors of (-101 + 91)/(-1 - (-17784)/17787)?
2, 5, 7, 11
Let t(g) = -97*g - 61. Let n be t(5). Let w = -410 - n. What are the prime factors of w?
2, 17
Let z = -64 - -159. Suppose -z*v = -88*v - 9226. What are the prime factors of v?
2, 659
Suppose -2682 + 10095 = 7*w. Let g = -266 + w. List the prime factors of g.
13, 61
What are the prime factors of (-1662*3/8)/((-219)/1168)?
2, 3, 277
Suppose 0 = -163*q + 182*q - 32224. What are the prime factors of q?
2, 53
Let v be (-1 + 8)*(-1 + 2). List the prime factors of 252 + v + -4 + 7.
2, 131
Let u = 46 - 47. What are the prime factors of -6 - (6 + 541)/u?
541
Let a(w) = w**3 - 12*w - 3. Let m be a(-4). Let z = m + 39. List the prime factors of z.
2, 5
Let n = -414 + 506. Let r(j) = 194*j**3 + 2*j**2 - 1. Let g be r(1). Let i = g - n. What are the prime factors of i?
103
Let c = -25767 + 40285. What are the prime factors of c?
2, 7, 17, 61
Let j(k) = -18*k - 24. Let g be j(-2). Suppose -3*z = -g, 3*z = -3*b + z + 614. List the prime factors of b.
2, 101
Suppose -36 = -2*o + 3*j, 3*o + o - 72 = 4*j. Let k be 6/(-2)*(-24)/o. What are the prime factors of -3 + 1 + -1 + 312/k?
3, 5
Let p be (-32360)/(-12) - (-4)/(-36)*-3. Suppose 3*k = -z + 2697, k - 3*z - p = -2*k. List the prime factors of k.
29, 31
Suppose 0 = 2*h - 3*h, -4*z + 4*h + 16 = 0. Let r(n) = 2*n**3 - n**2 - 11*n + 38. What are the prime factors of r(z)?
2, 53
Let i = 308 + -441. Let f = 129 + i. What are the prime factors of (-22)/f*(-4 + 52)?
2, 3, 11
Let y(d) = 336*d**2 + 142*d - 64. List the prime factors of y(-7).
2, 7703
Suppose -86*g + 57*g = -85028. List the prime factors of g.
2, 733
Suppose -11*i + 123856 = -133478 - 241824. List the prime factors of i.
2, 3, 2521
Suppose -2*f - 1084 = 19324. What are the prime factors of f/(-40) - 6/60?
3, 5, 17
Let r(x) = -23252*x - 1890. List the prime factors of r(-3).
2, 3, 11311
Let h be (-13643)/14*-2 + 7. Let p = -992 + h. What are the prime factors of p?
2, 241
Let t = 2906 + 2222. What are the prime factors of t?
2, 641
Suppose -88185 - 5375 - 27176 = -16*z. What are the prime factors of z?
2, 7, 11
Suppose -d - 5*r = -3*r - 485, 1975 = 4*d + r. Suppose -3*l = -5*x - d, 3*l + 4*x - 513 = 3*x. What are the prime factors of l?
2, 5, 17
Suppose 2*s = -5*c + 20, c + c - 29 = -5*s. List the prime factors of 18654/38 + -16*s/(-760).
491
Suppose 0 = -5*b - 2*x - 2, 2 = -b - 6*x + 4*x. What are the prime factors of 4/(-6)*(b + 4572/(-8))?
3, 127
Let y be 1 - (0/2)/5. Suppose b = y, -3*b + b = 5*d - 1157. List the prime factors of d.
3, 7, 11
Suppose 3*n - 3*j = 50268, 116*j - 115*j = -n + 16770. List the prime factors of n.
16763
Let c = -301 - -411. What are the prime factors of 81554/c + 4/(-10)?
3, 13, 19
Suppose 5*z - 2*z - 3*j = 12, -4*z + j = -13. Suppose -3*h - 1185 = -z*c, c + h - 395 = -0*c. List the prime factors of c.
5, 79
Let r(k) = 32*k + 119. Suppose -24 = 6*v - 222. What are the prime factors of r(v)?
5, 47
Let s = 1827 + -1207. Suppose 2*w = s + 886. What are the prime factors of w?
3, 251
Suppose x - 11 + 18 = 0. Let u(y) = 13*y**2 + 39*y + 7. What are the prime factors of u(x)?
7, 53
Let i be (-20841)/(-12) - 7/(-28). Suppose -21*t + i = -18*t. What are the prime factors of t?
3, 193
Suppose -4*t - 5*o + 30270 = -7*o - 12178, 0 = 4*o. List the prime factors of t.
2, 7, 379
Let f(i) = 17*i**3 + 6*i**2 - 8*i + 2. Let k be f(2). Let s = k + 429. List the prime factors of s.
5, 23
Suppose 0 = j + 22*j - 67342 - 130067. List the prime factors of j.
3, 2861
Let s = -106 - -100. What are the prime factors of (-3*s/15)/((-8)/(-660))?
3, 11
Let o = 169 + 7215. What are the prime factors of o?
2, 13, 71
Suppose 27*r = 25*r - 786. Let j = r + 450. List the prime factors of j.
3, 19
Suppose 2*z - 2*j - 22 = 0, 4*j = 3*z + 7*j - 45. Suppose z*o - 52 - 169 = 0. Suppose 53 = o*x - 15. List the prime factors of x.
2
Let j(p) = p - 1. Let b(c) = 3*c - 4 + 2*c + c + 3*c. Let y(g) = -b(g) + 2*j(g). List the prime factors of y(-13).
3, 31
Let q(t) = -33810*t + 981. List the prime factors of q(-1).
3, 11597
Let a(k) = -48*k**3 + k**2 - 432*k - 2172. What are the prime factors of a(-5)?
7, 859
List the prime factors of 2/2*((-18)/12 - 3)*-2642.
3, 1321
Suppose 16 = 15*j - 44. Suppose c - 5*c - 4*q = -764, -q = 3*c - 583. Suppose -2*g - 5*b + 195 = -j*b, -2*b + c = 2*g. List the prime factors of g.
97
Let t(z) = 4*z**3 + 5*z**2 - 17*z - 13. Let j = -83 + 88. List the prime factors of t(j).
17, 31
Suppose -24*m + 1770 = -9*m. Suppose -3*f - u = -376, -f + 4*u = -2*f + m. List the prime factors of f.
2, 3, 7
Let u(o) = 7024*o**2 + 268*o - 266. What are the prime factors of u(1)?
2, 3, 1171
Suppose 0 = 5*p - 4655 - 4690. Suppose 3*o + 15 = 0, -5*i + 2*o + 251 = -p. Suppose -r + i = r. What are the prime factors of r?
211
Suppose -6*r + 618 + 2766 = 0. Let a = 1340 - r. List the prime factors of a.
2, 97
Suppose -9425 - 2104 = -7*n. Suppose -4*d + 549 = h - 0*h, -3*h = -4*d - n. List the prime factors of h.
3, 61
Let k(n) be the second derivative of 17*n**4/12 + 2*n**3/3 - 3*n**2/2 + 24*n + 2. List the prime factors of k(8).
1117
Suppose 234708 = 39*k - 30310 - 92885. List the prime factors of k.
3, 7, 19, 23
Suppose -f = 2*c - 17380, -2*f + 19516 = 5*c - 23932. Suppose 1588 = 14*y - c. List the prime factors of y.
2, 367
Let z(l) = -86*l**3 - 2*l**2 - 2*l - 1. Let s be z(-1). Let v = s - 85. Suppose v*k + 693 = 9*k. What are the prime factors of k?
7, 11
Let a = -31 + 66. Let k = 37 - a. Suppose 189 = s + 5*v, 2*s - k*v = 675 - 237. What are the prime factors of s?
2, 107
Let x = -164 - -171. Suppose -x*f + 35 = -154. What are the prime factors of f?
3
What are the prime factors of (-110015)/(-19 + (9 - -5))?
22003
Let l = 89795 + -41178. What are the prime factors of l?
61, 797
Suppose -770*t + 2563804 = -622*t. What are the prime factors of t?
17, 1019
Suppose -20*i + 31 = 171. Let z(t) = -t**2 - 12*t + 18. Let w(v) = -v - 1. Let m(s) = -4*w(s) + z(s). List the prime factors of m(i).
29
Suppose -2*z = -5*w + 1064 + 6801, -2*w = -5*z - 19694. Let d = -2582 - z. List the prime factors of d.
2, 7, 97
Let r(f) = -29 + 86 - 25 + 9*f + 6*f**2 - 27 - 102*f**3. What are the prime factors of r(-2)?
827
Let c = -1630 - -4023. List the prime factors of c.
23